divisor of b and j?
46
Let v = -88666 - -88875. Let t = 47 + -14. Calculate the highest common factor of t and v.
11
Let q(s) = s**2 + 6*s + 16. Let f be q(-5). Suppose 4*t = -4*c + 68, 3*c - 2 = 2*t - f. Let m be 153/t + 7/28. Calculate the highest common factor of 65 and m.
13
Let f = 15 - 1. Suppose -5*c + 111 - 6 = 0. Suppose 0 = -8*z - c*z + 203. Calculate the highest common divisor of z and f.
7
Suppose -4 = -s + 2*o - o, 4*o = 3*s - 13. Suppose 0 = -2*i + s*f, -4*i - 22 = -8*i - 5*f. Calculate the greatest common divisor of 27 and i.
3
Let p = 818 + -803. Suppose -2*l + 5*n + 46 = 0, -2*l + n + 9 = -37. Let c = l + 97. Calculate the greatest common divisor of c and p.
15
Suppose 3*a - 13 - 32 = 0. Let k(v) = -12*v + 360. Let i be k(25). Calculate the highest common factor of a and i.
15
Let a(z) = -4*z**2 + 11*z + 48. Let g be a(3). What is the highest common factor of g and 10?
5
Let c = -590 + 890. What is the greatest common factor of 75 and c?
75
Suppose -2*h + h + 125 = 5*v, -3*h = 15. Let p be 10*57/6 + -1 + 5. Let x = -47 + p. Calculate the greatest common divisor of x and v.
26
Let q be 1103/(-9927) + (139/36 - (-1)/4). What is the highest common factor of 68 and q?
4
Suppose 4*l + l - 252 = 2*k, -44 = -l + 2*k. Suppose -4*b + 132 = l. Calculate the highest common factor of 28 and b.
4
Let k be 13 - (4 + -709 - -21). Calculate the greatest common divisor of 328 and k.
41
Let a be (18/4)/(-15 - -22*(-82)/(-120)). Suppose -3*g - 235 = -8*g. Suppose 2*z - g = -17. What is the greatest common divisor of z and a?
15
Let s = 4550 + -3915. What is the highest common factor of 40 and s?
5
Let d(i) = -12*i + 166. Let m be d(11). What is the greatest common factor of m and 32?
2
Suppose -44*j - 7560 = -64*j. Calculate the greatest common divisor of j and 702.
54
Let o(z) = 27*z**2 + 13*z - 46. Let n be o(-8). Calculate the greatest common factor of n and 12.
6
Let b be 11409 + (-306)/(-72)*-4. What is the greatest common factor of 128 and b?
128
Suppose -32*p - 26*p = -143956. What is the greatest common factor of p and 34?
34
Let y be 2/5*-19*(2 - 7). Let j(l) = -100*l - 29. Let i be j(-2). Calculate the greatest common divisor of y and i.
19
Let f(y) = -y**3 - 32*y**2 + 144*y + 3. Let m be f(-36). Suppose -m*n + 15 = 0, -4*z = -61*n + 59*n - 26. Calculate the highest common divisor of z and 738.
9
Let j be (-21)/28 - 502/(-8). Let o = j + -52. Suppose 85 = o*a + 25. Calculate the highest common factor of 4 and a.
2
Suppose -i = -4*k + 29, 5*i - 5*k + 51 + 34 = 0. Let t be (i - -9) + (120 - 2) + -2. What is the greatest common divisor of t and 28?
28
Let r(u) be the third derivative of 11*u**4/8 - 31*u**3/6 - 3*u**2 + 35. Let h be r(3). Calculate the greatest common divisor of h and 102.
34
Let u be 1/(-3)*3*4 - -584. What is the highest common divisor of 20 and u?
20
Let g = 4145 + -4125. Calculate the highest common factor of g and 5290.
10
Let h be 10/(-4)*(-1 - 3). Suppose l + 4*l + 4*d - 55 = 0, -d = -5. Let t be l/(-3)*3 - -32. Calculate the greatest common divisor of t and h.
5
Suppose -5*x - 4*h + 20 = -2*x, 2*h = -2. Suppose x = -2*c + 26. Calculate the highest common divisor of 3 and c.
3
Let i = -10436 - -10496. What is the highest common factor of i and 6810?
30
Suppose 684 - 204 = -4*x. Let o = x + 175. Let t = 118527 - 118505. What is the highest common factor of o and t?
11
Let j = -1412 + 3521. Calculate the greatest common divisor of 57 and j.
57
Let s be 962/32 - 372/5952. What is the highest common factor of s and 4990?
10
Suppose -2*h - h = 2*v - 697, -1726 = -5*v - 2*h. Suppose -140*g + 138*g = -v. Calculate the greatest common divisor of g and 215.
43
Let f(i) = -82*i - 4392. Let c be f(-54). Calculate the greatest common factor of c and 5052.
12
Let r(y) = y**3 - 350*y**2 + 690*y + 3087. Let k be r(348). Let b be (-80)/(-3) + 1/3. What is the greatest common divisor of k and b?
27
Suppose 35 = -x + 27*d - 28*d, -4*d = 2*x + 74. Let p = x - -53. Calculate the highest common divisor of p and 12.
4
Suppose -4*w + 5 - 17 = 0, -3*z = -2*w - 1095. Let s = 1181 - 819. Let t = 395 - s. Calculate the greatest common factor of t and z.
33
Let c(u) = -u**3 + 27*u**2 + 162*u - 25. Let j = 370 + -338. Let a be c(j). What is the highest common factor of 507 and a?
39
Let a = 3958 - 3892. Calculate the highest common divisor of 2992 and a.
22
Suppose -15*t + 287 = -793. Let h(z) = 5*z**2 - 4*z + 3. Let l be h(5). What is the greatest common factor of l and t?
36
Let h be 72/42 - (-1 + (-10)/(-14)). Suppose -h*w + 237 = 189. Calculate the highest common factor of 24 and w.
24
Let v(q) = 4*q**3 + 6*q**2 - 5*q - 20. Let o be v(-6). Let s = -386 - o. Calculate the highest common factor of s and 168.
84
Let q(k) = 9*k**2 + k - 5. Let a be q(-4). Suppose -2*l - 228 = -4*b, -4*b + 325 - 79 = l. What is the greatest common factor of a and b?
15
Let f be 2211/21 - 232/1218*3/2. Calculate the greatest common factor of 780 and f.
15
Suppose 5*z + 2*h - 1232 = 0, 499 = 2*z + 5*h + 23. What is the highest common factor of z and 93?
31
Let y = 333 - 312. Let h be 3*1 + (-22)/(-11). Suppose h*l - 64 = 146. What is the greatest common divisor of l and y?
21
Let w = 816 + -399. Suppose 2469 - w = 3*t. Calculate the greatest common divisor of 9 and t.
9
Let p be (0 + 5)/(3 - (1 - -1)). Let j(x) = 105*x - 28. Let i be j(p). What is the greatest common divisor of i and 71?
71
Let u = 4735 - 4474. Suppose 3*r - 55 = r - l, 61 = 2*r - l. Calculate the greatest common divisor of u and r.
29
Let u(y) = 1648*y + 1661. Let i be u(-1). What is the highest common factor of i and 15405?
13
Let g(f) = -4*f**2 - 29*f + 7. Let d be g(-5). Suppose 226 = 3*r - 8. Let w be (r/15)/((-2)/(-10)). Calculate the greatest common factor of w and d.
26
Let l be (-1146 - 7)/((-3)/36*3). What is the greatest common factor of 4 and l?
4
Let n(y) = -y**3 - 3*y**2 + 6*y - 78. Let h be n(-8). What is the highest common factor of h and 97?
97
Let a(n) = 12*n**2 - 64*n. Let p be a(7). What is the highest common factor of p and 133?
7
Let q be 2*(18 - 11 - -178). Calculate the highest common factor of 74 and q.
74
Let z(h) = -232*h + 2372. Let y be z(10). What is the highest common divisor of 36452 and y?
52
Suppose -474*y = -490*y + 10368. What is the highest common factor of y and 576?
72
Let c = 430 - 391. Let q be c + (-3*(-3 - -1) - 5). What is the highest common divisor of 45 and q?
5
Let v(w) be the second derivative of -13*w**3/6 - 105*w**2/2 - 3*w - 17. Let s be v(-13). What is the greatest common divisor of s and 576?
64
Suppose -19*b + 242 = -8*b. Suppose 2*q + 20 = b. What is the highest common divisor of 17 and q?
1
Let k(q) = 57*q + 594. Suppose -6*w - 10*w = 5*w. Let a be k(w). Calculate the greatest common divisor of a and 11.
11
Suppose 3*f - 4 = 2*h - 14, 4*f = 0. Suppose -186 - 214 = -h*v. Let z be -30*(180/(-27) + 6). What is the greatest common divisor of v and z?
20
Let c be (-2 - 60/(-27)) + (-136)/(-36). Let q = 71 + 15. Suppose -2*z = -q - c. Calculate the greatest common divisor of 18 and z.
9
Suppose -326*n + 939198 = -2256254. Calculate the highest common divisor of 116 and n.
58
Let o(q) = -3*q**2 + 46*q - 11. Let z be o(15). Suppose -4*n = z*d + 134 - 1894, 3*n = -4*d + 1320. What is the greatest common divisor of n and 40?
40
Let m = 3804 - -11533. What is the highest common divisor of m and 49?
49
Suppose -126 = -2*a - 549*p + 547*p, 5*p = 3*a - 189. Calculate the highest common factor of a and 1197.
63
Let i(q) = -q**3 - 6*q**2 - 8*q - 4. Let m be i(-5). Suppose -5*t - 104 = -2*d, -m*d - 4*t - 294 = -16*d. Calculate the highest common factor of d and 62.
62
Let q(n) = -n**2 + 7*n + 9. Let x be q(6). Suppose 4*f - f - x = 0. Suppose -f*b = -4*b - 11. What is the highest common divisor of b and 121?
11
Suppose 0 = -9*y - 56*y + 16640. What is the greatest common factor of 1264 and y?
16
Let t be (-8)/(-28) + 2/(-7). Suppose -3*y + 101 - 29 = t. Suppose 0 = 27*h - 279 - 45. What is the highest common divisor of y and h?
12
Let f(t) = -12*t - 23. Let v be f(-3). Let s = 81 - 172. Let y = s + 143. What is the highest common divisor of y and v?
13
Suppose -1763 = 10*n + 357. Let t = 115 + n. Let k = t + 98. What is the highest common divisor of k an